at are the prime factors of 50794639?
7, 47, 61, 2531
What are the prime factors of 94778717?
11, 8616247
What are the prime factors of 82446762?
2, 3, 71, 103, 1879
What are the prime factors of 794615736?
2, 3, 431, 76819
List the prime factors of 30595713.
3, 10198571
What are the prime factors of 737233?
7, 105319
List the prime factors of 20312638.
2, 59, 79, 2179
List the prime factors of 2037878023.
107, 1279, 14891
What are the prime factors of 1172092224?
2, 3, 6104647
What are the prime factors of 130872455?
5, 7, 151, 24763
What are the prime factors of 1019514436?
2, 3677, 69317
What are the prime factors of 78852500?
2, 5, 31541
What are the prime factors of 1097390723?
11, 13, 1801, 4261
What are the prime factors of 61353420?
2, 3, 5, 23, 1933
What are the prime factors of 1241480679?
3, 109, 3796577
List the prime factors of 456368079.
3, 613, 248161
List the prime factors of 24338996.
2, 11, 373, 1483
What are the prime factors of 102573334?
2, 3089, 16603
List the prime factors of 2502560182.
2, 43, 29099537
What are the prime factors of 6935882252?
2, 13, 133382351
List the prime factors of 133211910.
2, 3, 5, 13, 341569
List the prime factors of 684707036.
2, 13, 59, 67, 3331
List the prime factors of 473501705.
5, 29, 313, 10433
What are the prime factors of 27721304?
2, 13, 19, 14029
List the prime factors of 35090564.
2, 89, 241, 409
What are the prime factors of 23330302?
2, 11665151
What are the prime factors of 104304837?
3, 7, 13, 382069
List the prime factors of 10753203.
3, 773, 4637
List the prime factors of 71780043.
3, 19, 1259299
List the prime factors of 553771001.
7, 1021, 11069
List the prime factors of 49332774.
2, 3, 61, 134789
What are the prime factors of 453171765?
3, 5, 30211451
What are the prime factors of 3330148688?
2, 379, 549167
What are the prime factors of 208884068?
2, 23, 89, 97, 263
What are the prime factors of 688537260?
2, 3, 5, 643, 661
What are the prime factors of 470037495?
3, 5, 67, 467699
What are the prime factors of 467988372?
2, 3, 12999677
What are the prime factors of 3842743796?
2, 1229, 781681
What are the prime factors of 2656914957?
3, 397, 743609
What are the prime factors of 7161629513?
6733, 1063661
What are the prime factors of 2423849963?
23, 4581947
What are the prime factors of 3377132430?
2, 3, 5, 7, 2297369
List the prime factors of 2088252070.
2, 5, 31, 6736297
What are the prime factors of 265168949?
4903, 54083
List the prime factors of 242764781.
7, 271, 127973
What are the prime factors of 43461589?
43461589
What are the prime factors of 57203232?
2, 3, 17, 35051
What are the prime factors of 146613607?
7, 83, 277, 911
List the prime factors of 3540418749.
3, 7, 1327, 42349
What are the prime factors of 1040401934?
2, 11, 13, 139, 26171
What are the prime factors of 3591021348?
2, 3, 99750593
List the prime factors of 5051983315.
5, 2027, 498469
List the prime factors of 318970693.
23, 41, 338251
List the prime factors of 144335970.
2, 3, 5, 19, 84407
List the prime factors of 110929458.
2, 3, 18488243
List the prime factors of 18384308.
2, 4596077
List the prime factors of 60804803.
409, 148667
List the prime factors of 2301625850.
2, 5, 46032517
What are the prime factors of 71355890?
2, 5, 23, 310243
What are the prime factors of 989674956?
2, 3, 67, 233, 587
List the prime factors of 8528372825.
5, 7, 73, 95369
What are the prime factors of 46474806?
2, 3, 7, 1106543
List the prime factors of 2393898.
2, 3, 13, 47, 653
What are the prime factors of 1249173231?
3, 29, 491, 29243
List the prime factors of 192942477.
3, 7, 13, 89, 2647
What are the prime factors of 204212233?
53, 811, 4751
List the prime factors of 429291613.
241, 1781293
List the prime factors of 3291591247.
7, 173, 181, 15017
List the prime factors of 39755203.
59, 673817
What are the prime factors of 109384191?
3, 7, 1736257
What are the prime factors of 2940215088?
2, 3, 31, 137, 14423
What are the prime factors of 163052734?
2, 13, 6271259
List the prime factors of 666796478.
2, 29, 593, 19387
What are the prime factors of 539296104?
2, 3, 751, 29921
What are the prime factors of 736134938?
2, 7, 11, 97553
List the prime factors of 29895875.
5, 239167
List the prime factors of 735570162.
2, 3, 40865009
What are the prime factors of 154470004?
2, 13, 109, 27253
List the prime factors of 1297975342.
2, 648987671
What are the prime factors of 105617269?
233, 453293
What are the prime factors of 153812059?
47, 331, 9887
What are the prime factors of 98706814?
2, 599, 82393
List the prime factors of 45282704.
2, 97, 163, 179
What are the prime factors of 18919313?
7, 2702759
List the prime factors of 82784404.
2, 433, 47797
What are the prime factors of 619147377?
3, 61, 1127773
What are the prime factors of 4991293?
4991293
What are the prime factors of 51289236?
2, 3, 1424701
List the prime factors of 1158058924.
2, 11, 23, 1144327
What are the prime factors of 552157144?
2, 7, 11, 17, 52727
What are the prime factors of 1557267240?
2, 3, 5, 59, 219953
What are the prime factors of 33123297?
3, 47, 234917
What are the prime factors of 8130975?
3, 5, 108413
What are the prime factors of 200943370?
2, 5, 20094337
What are the prime factors of 47715817?
29, 56737
What are the prime factors of 428869966?
2, 7, 271, 113039
What are the prime factors of 114806900?
2, 5, 13, 47, 1879
List the prime factors of 51531972.
2, 3, 37, 277, 419
What are the prime factors of 298131418?
2, 13, 41, 149, 1877
List the prime factors of 1729279271.
43, 40215797
List the prime factors of 29340276.
2, 3, 7, 43, 8123
List the prime factors of 2241876562.
2, 23, 4787, 10181
What are the prime factors of 100633788?
2, 3, 2795383
What are the prime factors of 25314719?
25314719
List the prime factors of 1326727351.
29, 45749219
List the prime factors of 26678991.
3, 601, 14797
List the prime factors of 36996825.
3, 5, 493291
List the prime factors of 35223922.
2, 29, 607309
What are the prime factors of 57625452?
2, 3, 149, 3581
What are the prime factors of 3694632170?
2, 5, 761, 485497
List the prime factors of 52568012.
2, 7, 17, 110437
What are the prime factors of 41076665?
5, 7, 419, 2801
List the prime factors of 106093320.
2, 3, 5, 884111
List the prime factors of 3200909009.
47, 797, 85451
What are the prime factors of 14124843?
3, 73, 21499
What are the prime factors of 168581223?
3, 6243749
What are the prime factors of 205794668?
2, 51448667
What are the prime factors of 2629112312?
2, 328639039
What are the prime factors of 21861233?
21861233
What are the prime factors of 3931566955?
5, 786313391
List the prime factors of 486630844.
2, 7, 661, 26293
List the prime factors of 84531082.
2, 42265541
List the prime factors of 127754370.
2, 3, 5, 1419493
What are the prime factors of 2516881282?
2, 1258440641
What are the prime factors of 2244027018?
2, 3, 29, 12896707
What are the prime factors of 682513361?
5647, 120863
What are the prime factors of 6314009722?
2, 3157004861
List the prime factors of 634195045.
5, 11, 257, 44867
What are the prime factors of 530155671?
3, 176718557
List the prime factors of 472092080.
2, 5, 109, 54139
What are the prime factors of 52064577?
3, 751, 7703
What are the prime factors of 1943051?
11, 176641
List the prime factors of 1863408253.
7, 29, 313, 29327
List the prime factors of 257397424.
2, 16087339
List the prime factors of 693239958.
2, 3, 383, 11173
What are the prime factors of 1269249320?
2, 5, 31731233
What are the prime factors of 2975911618?
2, 29, 2549, 20129
List the prime factors of 985699271.
19, 3391, 15299
What are the prime factors of 66125754?
2, 3, 89, 13759
List the prime factors of 30485027.
113, 269779
What are the prime factors of 133406834?
2, 11, 6063947
What are the prime factors of 1320798914?
2, 953, 692969
What are the prime factors of 2710243498?
2, 14243, 95143
What are the prime factors of 1456920858?
2, 3, 1069, 227147
List the prime factors of 132568253.
132568253
What are the prime factors of 838700370?
2, 3, 5, 9318893
What are the prime factors of 1067444857?
37, 43, 53, 12659
List the prime factors of 205334634.
2, 3, 19, 47, 2017
List the prime factors of 541910334.
2, 3, 7, 653, 19759
What are the prime factors of 189674160?